 -6*h + 1. Let m be v(4). Let t = -19 - m. Let x(z) = 8 - t*z**3 - 4 + 5*z + 3*z**3 - 6 + 2*z**2. Calculate x(3).
4
Let l(o) = 28*o - 5. Let v be l(2). Suppose 2*r = 4*i + i - 48, r = -5*i + v. Let g(a) = -a + 5. Let z be g(i). Let h(c) = -c**2 - 5*c. Determine h(z).
0
Let a(z) = 21*z**3 + z**2 + 34*z - 32. Let y(h) = -8*h**3 - h**2 - 12*h + 11. Let n(u) = -3*a(u) - 8*y(u). Give n(-6).
8
Let g(q) = -q - 3. Suppose -3*o = d - 4*o - 16, -2*o = -3*d + 46. Suppose 10*x - d*x = -8. Let t = x + 1. Calculate g(t).
-6
Let m(v) = -v**3 - 5*v**2 - 6*v - 5. Let n be m(-4). Let x(o) = -2*o - n + 11*o**2 - 7*o + 5 - 10*o**2. Give x(5).
-18
Let n(o) = -o**3 - 19*o**2 + o + 24. Let b be n(-19). Let y(q) be the second derivative of 1/20*q**b - 1/12*q**4 - 1/6*q**3 - 3/2*q**2 + 0 + 2*q. What is y(3)?
12
Let i(j) be the second derivative of -j**5/20 + j**4/3 - j**3/6 + j**2/2 + 3*j + 21. What is i(2)?
7
Let p(t) be the first derivative of -t**4/4 + 2*t**3 - 3*t**2/2 - 7*t + 3. Let r(b) = -b**2 - 7*b - 5. Let y be r(-2). Calculate p(y).
3
Let q be 0*(-3 - -3 - -1). Suppose 5*x - 1 = 2*a - a, -5*a - 5*x - 5 = q. Let k(d) = -4*d**3 + d**2 + d. Let s be k(a). Let g(u) = 2*u - 5. Calculate g(s).
3
Let j(d) = -2 - 49*d**2 + 21*d**3 - 22*d**3 - 14*d + 40*d**2. Calculate j(-7).
-2
Let s be 12*(230/21 + (-2)/7). Let g = 130 - s. Let l(d) = -3*d**2. Let f(w) = -7*w**2 - 1. Let i(n) = -2*f(n) + 5*l(n). Give i(g).
-2
Let j(b) = -b**3 + 2*b**2 - 4*b + 2. Let y(c) = -12*c - 21. Let k be y(-2). Give j(k).
-19
Suppose -7*f - 31 - 32 = 0. Let p(j) = j**3 + 11*j**2 + 18*j - 4. Calculate p(f).
-4
Suppose 0*o = 5*o + 5*a + 10, -2*o - 2 = 3*a. Let v(s) = s**2 + 4*s - 7. Let l be v(-6). Let t(k) = -3*k**3 + 4*k**2 + k + l*k + 4*k**3 + 2*k**2. What is t(o)?
8
Let r(s) = 2*s**2 - s + 7. Suppose 0 = 9*l - 16*l. Calculate r(l).
7
Let j(r) = r**2 - 10*r - 7. Let m = 1809 - 1800. Determine j(m).
-16
Suppose 0 = m + f + f - 3, 4*m = 3*f + 12. Let k(x) = -x**2 + 4 - 9 + 6 + x + 0. Determine k(m).
-5
Let p = 16 + -14. Suppose -2*f + 21 = 3*k, 0*k + 2*k = 4*f - p. Suppose f*j = -2*b + 6, -5*j = -b - 2*b + 9. Let w(x) = -5*x - 2. Calculate w(b).
-17
Let w(t) = 58*t - 115*t + 56*t - 4. Suppose -3*f - 5*l - 15 = 0, 2*f - f = 5*l + 15. Suppose f = u + 1 - 4. What is w(u)?
-7
Let f = -158 + 163. Let x(n) = 4*n - 15. Calculate x(f).
5
Let m(a) be the second derivative of 1/12*a**4 - 4/3*a**3 + 3*a**2 - 6*a + 0. What is m(6)?
-6
Suppose -2*o = -7*o. Suppose -f + 3*u + 5 = o, 0*u - u = -2*f - 5. Let x(c) be the third derivative of -c**4/24 - 5*c**3/6 - 2*c**2. Determine x(f).
-1
Let p(i) = -24*i**2 - 2*i + 1. Let g(b) = 6*b**2 + b - 1. Let y(x) = -3*g(x) - p(x). What is y(1)?
7
Suppose -9 = -3*g - 0. Let l(p) = g*p + p - p**3 + 2*p + 2*p**3 + 5*p**2. Give l(-4).
-8
Let t(s) be the second derivative of s**5/20 - 2*s**4/3 - s**2/2 - 97*s. Calculate t(8).
-1
Let c(n) = -3*n + 13. Let f = -691 + 695. What is c(f)?
1
Let d(v) = 2*v - 3. Let u(a) = -1. Let i(f) = d(f) - 4*u(f). Let r be i(2). Suppose -8 = 4*m - 0*t - t, 0 = r*m - 2*t + 7. Let s(q) = 2*q + 1. Calculate s(m).
-5
Let z(r) = r**2 + 5*r - 8. Let t be z(-6). Let o be ((-12)/8)/(6/(-8)). Let w(s) = -s + 4*s**2 - 1 - 5*s**o - s**2. What is w(t)?
-7
Let i(p) = -p**3 + p**2. Let n(h) = 6*h**3 + 2*h**2 - 7*h + 6. Let g(c) = -5*i(c) - n(c). Suppose -1 + 41 = -5*o. Give g(o).
2
Let i(v) be the first derivative of -v**3/3 - v**2/2 + 8*v - 7. Let f(l) = l**3 - 4*l**2 - 4*l - 3. Let o be f(5). Let b be 2 + o/(-3 + 2). Determine i(b).
8
Let a(l) = -l. Let t(i) = -7. Let s(x) = -a(x) + t(x). What is s(-8)?
-15
Let x(u) = 3*u + 5*u - 1 - 6*u. Let z = -31 - -31. Suppose -2*v + 0*v - 4 = z. Calculate x(v).
-5
Suppose 2*l - 30 = -4*q, -2*l = 2*l + 2*q - 30. Let y(i) = 5*i**2 + 2*i**2 - 4*i - l*i**3 - 3*i + 4*i**3. Let d be (162/36)/(1 + 2/(-8)). Give y(d).
-6
Let g(y) = 28*y - y + 7 - 32*y - 1 + y**2. Give g(6).
12
Let m(z) = 3*z**2 - 2*z + 2. Let o be m(2). Suppose 0 = o*i - 16*i - 30. Let n(d) = d**2 + 6*d + 3. Give n(i).
-2
Let s(p) = p**3 + 2*p**2 - 2*p - 1. Let y(q) = -4*q**3 - 5*q**2 + 11*q + 10. Let n(m) = -5*s(m) - y(m). Give n(-5).
0
Let y(b) = -b**3 - b**2 - 3*b - 4. Let g(r) = -5*r**3 - 4*r**2 - 13*r - 15. Let t = 33 - 24. Let d(s) = t*y(s) - 2*g(s). Give d(0).
-6
Let o(f) be the third derivative of f**5/60 - 5*f**4/24 + 7*f**3/6 - 129*f**2. Determine o(2).
1
Let u be (11 - 10)/(1/(-7)). Let r(c) be the first derivative of c**3/3 + 4*c**2 - 7*c + 2. Determine r(u).
-14
Let v(d) = -d**3 - 3*d**2 + 5*d + 8. Let n(z) = 2*z**3 + 4*z**2 - 9*z - 15. Let f(h) = 3*n(h) + 5*v(h). Give f(4).
3
Let x(g) = g**3 + 4*g**2 + 4*g + 1. Suppose -61*s - 30 = -51*s. What is x(s)?
-2
Let l(i) = -7 + 1 + 3*i + 1 - 2 - 6. Determine l(6).
5
Suppose 0*b + 3*b = 9, -2*n + 7 = 5*b. Let g(p) = p**2 + 2*p - 5. Let r be g(n). Let k(o) = o**3 - 2*o**2 - 3*o - 1. Give k(r).
-1
Suppose 134 = -4*w - 2. Let i be 17/w + (-5)/(-2). Suppose -i*r + 3 + 7 = 0, 0 = -n - 5*r + 26. Let h(d) = 9*d - 1. What is h(n)?
8
Let t(n) = n**2 - 8. Let g(m) = 2*m**2 - 16. Let y(v) = -3*g(v) + 7*t(v). Let b(q) be the first derivative of y(q). Calculate b(6).
12
Let z(u) be the first derivative of u**4/12 - u**3/2 - 3*u**2/2 - 10*u + 4. Let a(v) be the first derivative of z(v). Give a(-3).
15
Let i(f) be the third derivative of f**6/120 - 3*f**5/20 - f**4/2 - f**3/2 + 8*f**2 + 3*f. Determine i(10).
-23
Let d(v) be the second derivative of v**6/360 + 7*v**5/120 + v**4/12 - 7*v**3/3 + 25*v. Let j(k) be the second derivative of d(k). What is j(-5)?
-8
Let i(v) = -8*v - 6. Let q(z) = -z - 1. Let s(r) = i(r) - 5*q(r). Suppose 91*d - 440 = 153*d - 130. What is s(d)?
14
Let r(u) = u**2 - 6*u + 3. Suppose z + 3 = -1, 0 = -2*w + 3*z + 168. Suppose j - 57 + 11 = -3*s, 2*j = 4*s - w. Suppose s = o + 11. What is r(o)?
3
Let c(p) = p - 1. Let r(b) = b**3 - b**2 - 5*b + 4. Suppose 4*m + 3*j - 9 = 0, 0*j - 11 = -5*m - 4*j. Let w be r(m). Determine c(w).
6
Suppose -5*s + 34 = 12*a - 35, s + 38 = 5*a. Let y(v) = -7*v**2 - 3*v + 1. Let z(j) = j**2. Let p(u) = y(u) + 6*z(u). What is p(s)?
1
Let f(q) = -7*q + 38. Let y(p) = -4*p + 18. Let v(a) = 2*f(a) - 5*y(a). What is v(6)?
22
Let g(j) be the third derivative of 0 + 0*j - 1/24*j**4 + 1/6*j**3 - 7*j**2. Suppose 5*q - 13 = -3*h, q = 4*h - 2*q + 31. What is g(h)?
5
Let h(k) = 2*k**3 + 3*k**2 + k + 1. Let u be (-4)/(-10) + (-14)/35. Suppose -3*f = -u*f - 42. Suppose -2*i - 3*n - 3 = -f, 5*n = 2*i + 29. What is h(i)?
-5
Let l(w) = 11 + 17*w - 13 - 7*w + 0. Calculate l(3).
28
Let y(v) be the first derivative of v**2/2 - 2*v - 11. Let s be -1*(0 - (-2 + 2)). Determine y(s).
-2
Let w(r) be the first derivative of r**5/20 + r**4/3 - 2*r**3/3 + 13*r - 6. Let b(n) be the first derivative of w(n). Calculate b(-5).
-5
Let f(m) = 2*m + 24. Let s(n) = -3*n**2 - 8*n + 17. Let k be s(2). Determine f(k).
2
Let f(q) be the first derivative of -1/4*q**4 + 11 - 1/3*q**3 - 2*q - 1/2*q**2. Let w be (12/(-3) - -4)/3. Give f(w).
-2
Let u(t) = -3*t + 2. Let n(b) = 19*b - 11. Let f(c) = n(c) + 6*u(c). Suppose 2*z - 28 = 2*l - 3*z, 0 = -5*l - 5*z. Determine f(l).
-3
Suppose 5*h = -2*f + h - 12, -f = 3*h + 9. Suppose 0 = -f*g + g - 2. Let p(t) = 1 - t - 29*t**3 + 35*t**3 + t**g - 2. Give p(-1).
-5
Suppose 6*w = -w + 35. Let c(j) = j**3 - 4*j**2 - 4*j - 1. Determine c(w).
4
Let q be (0 - -1) + (-13 - -14). Suppose 5*g - 22 = -4*j, -q*g + 10 = -2*j + 4*j. Let u(a) = 4*a**j - 6*a**2 - 2*a**3 - 2 - 3*a**3 + 3. Calculate u(-6).
1
Let x be (-14)/56 + (17/4 - -1). Suppose -4*k = k - x. Let b(n) = -4*n - 1. Determine b(k).
-5
Let r(h) be the first derivative of -h**4 + h**2/2 + 1. Let y be (-46)/(-10) + (-2)/(-5). Suppose -4*u - 4*d = -0 - 4, 3*d = y*u - 5. Calculate r(u).
-3
Suppose 0 = -2*y - 2*u + 2, -u = 3*y + y + 2. Let x(q) = q**2 + 3*q + 2. Give x(y).
0
Let k(q) = -q**3 + 10*q**2 - 5*q - 17. Suppose -359 + 407 = 4*a + 4*h, 3*a = 4*h + 15. Calculate k(a).
19
Let d(k) = -k + 2*k + 3 - 3*k. Suppose z = -3*z + 2*p + 34, 37 = 4*z - p. Let q = z + -8. Determine d(q).
-1
Let s be (9/(-4))/((-1)/8). Suppose 0 = 4*w + l - 63, -87 = -4*w - 2*l - 21. Let u = w - s. Let d(g) = -g**3 - 5*g**2 - 4*g. Determine d(u).
-6
Let q(k) = 3*k + 23. Let o be q(-7). Let n(u) = 10*u + 0*u**o + 3*u**2 + 6 - 2*u**2 - 2*u. De